{"id":1640,"date":"2023-06-13T10:18:34","date_gmt":"2023-06-13T13:18:34","guid":{"rendered":"https:\/\/casasandreluiz.org.br\/blog\/?page_id=1640"},"modified":"2024-10-04T15:15:26","modified_gmt":"2024-10-04T18:15:26","slug":"conhecendo-minha-area","status":"publish","type":"page","link":"http:\/\/casasandreluiz.org.br\/blog\/conhecendo-minha-area\/","title":{"rendered":"Conhecendo minha Area"},"content":{"rendered":"\n<p>O projeto &#8220;Conhecendo Minha \u00c1rea&#8221; foi criado com o intuito de apresentar os setores da CAL para todos os colaboradores.<br>Nesta s\u00e9rie voc\u00ea poder\u00e1 entender melhor como funcionam os departamentos da institui\u00e7\u00e3o, quais s\u00e3o suas responsabilidades, tarefas e objetivos,<br>al\u00e9m de conhecer quem s\u00e3o os colaboradores que desempenham essas atividades diariamente.<\/p>\n","protected":false},"excerpt":{"rendered":"<p>O projeto &#8220;Conhecendo Minha \u00c1rea&#8221; foi criado com o intuito de apresentar os setores da CAL para todos os colaboradores.Nesta s\u00e9rie voc\u00ea poder\u00e1 entender melhor como funcionam os departamentos da institui\u00e7\u00e3o, quais s\u00e3o suas responsabilidades, tarefas e objetivos,al\u00e9m de conhecer quem s\u00e3o os colaboradores que desempenham essas atividades diariamente.<\/p>\n","protected":false},"author":1,"featured_media":0,"parent":0,"menu_order":0,"comment_status":"closed","ping_status":"closed","template":"","meta":{"ngg_post_thumbnail":0,"footnotes":""},"class_list":["post-1640","page","type-page","status-publish","hentry"],"acf":[],"_links":{"self":[{"href":"http:\/\/casasandreluiz.org.br\/blog\/wp-json\/wp\/v2\/pages\/1640","targetHints":{"allow":["GET"]}}],"collection":[{"href":"http:\/\/casasandreluiz.org.br\/blog\/wp-json\/wp\/v2\/pages"}],"about":[{"href":"http:\/\/casasandreluiz.org.br\/blog\/wp-json\/wp\/v2\/types\/page"}],"author":[{"embeddable":true,"href":"http:\/\/casasandreluiz.org.br\/blog\/wp-json\/wp\/v2\/users\/1"}],"replies":[{"embeddable":true,"href":"http:\/\/casasandreluiz.org.br\/blog\/wp-json\/wp\/v2\/comments?post=1640"}],"version-history":[{"count":2,"href":"http:\/\/casasandreluiz.org.br\/blog\/wp-json\/wp\/v2\/pages\/1640\/revisions"}],"predecessor-version":[{"id":2009,"href":"http:\/\/casasandreluiz.org.br\/blog\/wp-json\/wp\/v2\/pages\/1640\/revisions\/2009"}],"wp:attachment":[{"href":"http:\/\/casasandreluiz.org.br\/blog\/wp-json\/wp\/v2\/media?parent=1640"}],"curies":[{"name":"wp","href":"https:\/\/api.w.org\/{rel}","templated":true}]}}